e factors of i(-1).
2, 5, 31
Suppose 18225 = 9*d + 36*d. What are the prime factors of d?
3, 5
Let x(m) = m**3 + 13*m**2 - 7*m + 82. List the prime factors of x(10).
2, 17
Suppose 22*m - 23*m - 15 = 0. Let h be (-55)/m + 2/(-3). Suppose -n + 6 = h. List the prime factors of n.
3
Let p(r) = -r**3 - 36*r**2 + 31*r - 50. List the prime factors of p(-37).
2, 43
Let f(l) = -l**3 + 23*l**2 + 33*l + 135. List the prime factors of f(17).
2, 3, 5
Let r be -3*2*(-4)/24. Suppose 4*f - 227 - r = 0. List the prime factors of f.
3, 19
Let i be 15*(-3 - (-51)/15). Suppose 8*r + i = 86. List the prime factors of r.
2, 5
Suppose -j + 3*z + 8 = -12, 5*j - z - 100 = 0. Suppose 0 = -5*s - j, -v - 5*s = -s + 11. Suppose -11 = -2*b + v. List the prime factors of b.
2
Let x(t) = 678*t**2 + 20*t - 23. What are the prime factors of x(2)?
2729
Suppose 0 = -3*q - 16 + 571. Suppose -16 = -4*y, 4 = -3*m + 5*y - 4. Suppose m*t - q = -t. What are the prime factors of t?
37
Suppose 15*q - 14 = 8*q. Suppose 0 = f - 0 + 6. List the prime factors of 26/3 - q/f.
3
Suppose -w - 3*r = -27, 0 = -2*w + 5*w - 5*r - 11. Let z be (-3)/2 - (-2538)/w. Suppose 7*y = y + z. List the prime factors of y.
5, 7
Let d be 4/3*(-1362)/4. Let r = d - -649. List the prime factors of r.
3, 5, 13
Suppose -5*y + 0*r + 3*r - 310 = 0, 2*y + 98 = -4*r. Suppose 4*i = -4 - 92. Let z = i - y. List the prime factors of z.
5, 7
Let b = -292 + 436. What are the prime factors of b?
2, 3
Let s(k) = -k**3 + 11*k**2 - 9*k + 13. Let f be s(10). Suppose i = f - 11. What are the prime factors of i?
2, 3
Let y = -8 + 14. Suppose y = 2*s - 0. Suppose -5*t + 92 = 4*a - t, -s*a - 2*t + 73 = 0. What are the prime factors of a?
3
Let b = 73 - 25. Let p = b - 31. What are the prime factors of p?
17
Let n be 1/1*4 + 122. Suppose -6*m + n = -3*m. List the prime factors of m.
2, 3, 7
Suppose 4*s + 3*g - 32 = 0, 2 - 3 = -s + g. Let i = s + 14. What are the prime factors of i?
19
Suppose -2*j + 23 = -7. Let m be (-32)/(-10) + (-3)/j. List the prime factors of 2/m - (-406)/21.
2, 5
Let d(h) = h**2 - 14*h + 1. Let o be d(15). Let f be (-1 + -1)*(-40)/o. Suppose -4 = -2*m + 4, f*m + 70 = 5*l. What are the prime factors of l?
2, 3
List the prime factors of (-1 - 2631)*(-69)/138.
2, 7, 47
Let p be 38*(5/2 - 2). Let q(r) = r**3 - 5*r**2 - 7*r + 8. Let l be q(6). Suppose -t - p = -l*t. List the prime factors of t.
19
Let b(m) = 39*m**2 + 2*m + 6. What are the prime factors of b(3)?
3, 11
Suppose -17 = -4*u + 43. Suppose -3*t = -3*b - 5*t + 243, -243 = -3*b + 4*t. Let g = b - u. List the prime factors of g.
2, 3, 11
Let j be 6/(-2)*2324/(-42). Suppose 48 - j = -a. What are the prime factors of a?
2, 59
Let t(u) = -u**3 - 6*u**2 + 4*u - 8. Let k(v) = -v**2 + 5. Let a be k(3). Let s be 7*(1 + a + 2). What are the prime factors of t(s)?
13
Suppose 5*b = 3*o - 13, -3*o = 2*o + 20. List the prime factors of (-632)/b + (-2)/5.
2, 3, 7
Suppose -142*y + 134*y + 25512 = 0. List the prime factors of y.
3, 1063
Let t(c) = c - 9. Let h be t(12). Suppose -h*z - 14 = -3*m - 2*z, -z = 2*m - 11. Suppose m*i - q = -3*q + 102, 3*i - 58 = 2*q. What are the prime factors of i?
2, 5
Let m = -154 + -29. Let s = 127 - 254. Let g = s - m. List the prime factors of g.
2, 7
Let u(g) be the first derivative of -3*g**2/2 + 8*g - 6. List the prime factors of u(-10).
2, 19
Suppose -2*u = -3*n + 19, 0 = -u + 2*u + 2. Let d(w) = 3*w - 10. What are the prime factors of d(n)?
5
Let r(b) be the third derivative of b**6/120 - b**5/15 + b**4/3 + 5*b**3/6 - 12*b**2. What are the prime factors of r(7)?
2, 13
Let j = 16 + -12. Let b = 6 - j. List the prime factors of (-81)/b*8/(-12).
3
Suppose -2*q - a = -0*a - 2217, 0 = -6*q + 3*a + 6669. What are the prime factors of q?
2, 3, 5, 37
Let n be ((-1)/2)/((-13)/(-156)). What are the prime factors of n/(-30) - 468/(-10)?
47
Let z(k) be the second derivative of k**7/315 + 3*k**4/4 + 2*k. Let y(b) be the third derivative of z(b). What are the prime factors of y(-1)?
2
Let l(t) = -4*t + 4. Let k(y) = -1. Let b(j) = -3*k(j) + l(j). Let u = -162 + 159. What are the prime factors of b(u)?
19
Suppose 0 = 10*f + 630 - 1880. What are the prime factors of (f + -4 - -5)/(3/4)?
2, 3, 7
List the prime factors of (-5 + -4 - -1937) + 1.
3, 643
Let v(r) = r**3 - 12*r**2 + 11*r - 17. Let q be v(11). Let u(c) = -c - 6. What are the prime factors of u(q)?
11
Let n(u) = 2*u**3 + 6*u**2 + 3*u - 8. Let v(a) = -3*a**3 - 7*a**2 - 4*a + 9. Let m(c) = -4*n(c) - 3*v(c). What are the prime factors of m(4)?
3, 7
Let o(k) = k**3 + 28*k**2 + 26*k + 18. List the prime factors of o(-22).
2, 5, 47
Suppose -v + 3 = -t, -11 = t - v + 4*v. List the prime factors of 5 + ((-48)/30)/(2/t).
3
List the prime factors of (-12467)/39*(-7 + 2 + -1).
2, 7, 137
List the prime factors of ((-15)/(-3) - 2) + 403.
2, 7, 29
Suppose -3*y + 350 - 913 = 5*k, 5*y = -k - 95. Let l = k + 163. Suppose 2*u - l = -4*u. What are the prime factors of u?
2
Suppose 2*x = -5*u + 4 + 6, -2*x = 4*u - 8. What are the prime factors of 4 - (u + -11 + -1)?
2, 7
Let f(i) = 55*i**2 + 27*i + 289. List the prime factors of f(-7).
5, 13, 43
Let a be (-236)/(-2)*(-3 + 28/8). Suppose 3*s + a - 266 = 0. What are the prime factors of s?
3, 23
Suppose -5*r - 3*t = -0*r - 14458, -5*t + 2874 = r. List the prime factors of r.
2, 1447
Let h be (-48)/(-20) + (-2)/5. Suppose 405 = 3*l + h*l. Suppose -l - 39 = -3*p. List the prime factors of p.
2, 5
Let h be 0 + 249*-1 + 4. Let u be (12/10)/((-14)/h). List the prime factors of -1*(u*-1 - 4).
5
Suppose 2*a - 4*u = 1002, 9*u - 6*u - 501 = -a. What are the prime factors of a?
3, 167
Suppose -47*w + 269463 - 69478 = 0. List the prime factors of w.
5, 23, 37
Let q(w) = w**2 + 8*w + 11. Let f be q(-7). Suppose d + 27 = 3*a - d, f*a - 53 = -3*d. Let b(y) = y + 3. List the prime factors of b(a).
2, 7
Let i(v) = v - 2. Let n be (-6)/4*28/(-6). What are the prime factors of i(n)?
5
Suppose -5*o - 2*i + 34 = 26, i + 3 = o. What are the prime factors of o?
2
Let g = 1091 + -645. What are the prime factors of g?
2, 223
Let s = 570 - -2884. What are the prime factors of s?
2, 11, 157
Let a be (-6)/(-1) + (-8)/4. Suppose j + 4 = -4*c, c - 4*j + 16 = -8*j. Suppose 3*w + a = -2*v, -2*w + c*w + 5*v = -29. What are the prime factors of w?
2
Let l be 1/3 - ((-8320)/15 + 2). Let w = -370 + l. List the prime factors of w.
3, 61
Let t(z) = z**2 + 6*z + 8. Let a be t(-6). Suppose 0 = 5*b - 5*p - 4 - 1, -a = -2*p. List the prime factors of (17 + -7)/(1/b).
2, 5
Let h = 5 + -1. Suppose 0*c - 2*c = -h. Suppose -c + 40 = 2*s. What are the prime factors of s?
19
Let l(k) = 37*k**3 + 6*k**2 - 8*k - 2. Let f be l(2). Suppose -5*i + 228 + f = 0. List the prime factors of i.
2, 53
Let w = -2 + -6. Let m be (-2)/w - 33/(-44). Let s(g) = 19*g**2 - 2*g + 1. What are the prime factors of s(m)?
2, 3
Suppose -2*k = 4 - 2. What are the prime factors of 1*(-25 - -2)/k?
23
Let y(g) = -44*g - 140. What are the prime factors of y(-5)?
2, 5
Let w(i) = -i**3 + 10*i**2 - 13*i - 17. Let d be w(7). List the prime factors of d/26*(-148)/(-3).
2, 37
What are the prime factors of (-225)/(-18)*(-28)/(-2)?
5, 7
Let w = 9 + -5. Suppose w*r + 5*f - 4*f + 3200 = 0, f - 2400 = 3*r. What are the prime factors of (-2)/13 + r/(-130)?
2, 3
Let g(k) = k**2 - 7*k + 12. Let i be g(5). Let p(v) = -6*v - i - 13 - v**2 - 10*v. List the prime factors of p(-14).
13
Let r(s) = -4*s**2 - 13. Let n(c) = -9*c**2 - 26. Let y(i) = 3*n(i) - 7*r(i). List the prime factors of y(-13).
2, 7, 13
Let a(r) = 302*r**2 - 8*r + 1. What are the prime factors of a(1)?
5, 59
Suppose r + 634 - 1935 = -2*w, 0 = 2*w + 2*r - 1306. List the prime factors of w.
2, 3
Let x = -1892 + 2710. What are the prime factors of x?
2, 409
Let d = 1998 - -103. List the prime factors of d.
11, 191
List the prime factors of ((-351)/(-36))/((-6)/(-632)).
13, 79
Suppose -4 = -9*y + 8*y. Suppose -y*n + 370 = 2*b, 0 = n - 0*b - 2*b - 80. What are the prime factors of n?
2, 3, 5
Let r = -903 - -1597. Suppose -4*j + 190 = -r. What are the prime factors of j?
13, 17
Suppose -2*y + 71 = -227. Let p = -75 + y. List the prime factors of p.
2, 37
Suppose 5*c = -2*g - 3*g - 515, -5*c + 394 = -4*g. Let v = g + 181. List the prime factors of (v/6)/(6/18).
2, 5
Let x = 15 - 17. What are